17*n + 149116. What is k(-33)?
55
Let w(i) = i**3 + 217*i**2 + 7512*i + 5241. Determine w(-174).
21
Let i(j) = -j**2 + 3980*j - 266016. Give i(68).
0
Let v(q) = q**2 + 120*q - 21395. Calculate v(98).
-31
Let n(m) = 206383*m + 825528. Determine n(-4).
-4
Let i(l) = -l**3 + 76*l**2 + 588*l - 39347. Give i(77).
0
Let g(a) = 29*a**2 - 245*a - 1712. Give g(-7).
1424
Let a(b) = 93*b + 6979. Determine a(-33).
3910
Let o(g) = g**3 + 413*g**2 - 41746*g - 166. Give o(84).
2
Let r(u) = 33*u**2 + 889*u + 5472. What is r(-6)?
1326
Let r(s) = -1950*s + 171616. Give r(88).
16
Let w(v) = 16483*v - 1697749. Calculate w(103).
0
Let t(j) = 147094*j + 2500759. Give t(-17).
161
Let w(t) = 4862*t - 199374. What is w(41)?
-32
Let s(h) = 37652*h - 225938. Calculate s(6).
-26
Let r(g) = g**3 + 47*g**2 - 3445*g - 80112. What is r(-78)?
-6
Let r(k) = k**3 + 21*k**2 + 19*k + 186. Give r(-20).
206
Let o(k) = -35*k**3 - 150*k**2 + 132*k + 672. Calculate o(-5).
637
Let x(v) = 475*v - 73648. Determine x(155).
-23
Let v(s) = -3*s**2 + 979*s + 7233. Calculate v(-7).
233
Let a(c) = -c**3 - 3*c**2 + 1236*c + 3624. What is a(-35)?
-436
Let o(t) = -59*t**2 - 2747*t + 154. What is o(-47)?
-1068
Let o(b) = -3*b**2 + 2714*b - 50482. What is o(19)?
1
Let c(s) = 56*s**3 + 47*s**2 + 96*s + 44. Calculate c(-1).
-61
Let r(c) = -19*c - 1410. Give r(-67).
-137
Let w(p) = 64*p**2 + 2478*p - 653. What is w(-39)?
49
Let d(x) = -x**3 + 184*x**2 - 1844*x + 21. What is d(11)?
670
Let k(q) = 1687*q + 118123. Determine k(-70).
33
Let m(x) = -2*x**2 - 107*x - 1473. Determine m(-29).
-52
Let f(n) = 3*n**3 + 154*n**2 + 1595*n + 89. Determine f(-37).
-59
Let j(t) = t**2 - 501*t + 58318. What is j(317)?
-10
Let b(o) = -155843*o + 2805169. Calculate b(18).
-5
Let a(x) = -8541*x + 11785. What is a(2)?
-5297
Let z(i) = i**2 + 6122*i + 7759350. Determine z(-1792).
-10
Let v(h) = h**2 - 1659*h + 26451. Determine v(17).
-1463
Let c(k) = -30*k**2 + 5*k + 190. Determine c(-8).
-1770
Let v(k) = -k**3 - 55*k**2 - 756*k - 154. Determine v(-21).
728
Let l(a) = 69484*a - 347421. Calculate l(5).
-1
Let g(l) = -20454*l + 61388. Calculate g(3).
26
Let w(x) = -x**2 + 138448*x - 1799651. Give w(13).
4
Let u(q) = -q**3 - 7269*q**2 + 43670*q + 14. Give u(6).
134
Let x(a) = 28046*a + 1149778. Give x(-41).
-108
Let v(b) = -1648*b - 33446. Calculate v(-20).
-486
Let d(n) = -n**2 + 1048*n + 26837. Calculate d(-25).
12
Let l(h) = 2*h**3 + 36*h**2 - 84*h - 64. Calculate l(-20).
16
Let j(h) = h**3 - 3*h**2 - 1684*h + 10051. Determine j(6).
55
Let f(m) = -35*m**3 - 9*m**2 - 41*m + 110. What is f(2)?
-288
Let o(j) = -2*j**3 + 122*j**2 - 56*j + 11179. Give o(62).
19
Let b(q) = 5*q**2 - 1461*q - 19517. What is b(305)?
3
Let s(q) = 435*q - 9275. Give s(21).
-140
Let h(w) = 5*w**2 - 1135*w + 25245. Calculate h(202).
-5
Let x(g) = 1267*g - 367320. Give x(290).
110
Let q(o) = 7956*o - 15907. Give q(2).
5
Let z(i) = 3*i**2 + 34*i - 2176. What is z(20)?
-296
Let n(m) = -24229*m - 193875. Give n(-8).
-43
Let b(y) = -3*y**2 - 159*y - 1612. What is b(-19)?
326
Let g(u) = -u**3 + 126*u + 602. Give g(-5).
97
Let n(m) = 363500*m - 363508. Calculate n(1).
-8
Let q(f) = -f**3 + 90*f**2 + 57*f + 4369. What is q(91)?
1275
Let b(p) = -p**3 + 1315*p**2 - 63247*p - 3785. What is b(1265)?
10
Let k(y) = 3*y**3 - y**2 - 49*y + 22. Calculate k(-4).
10
Let y(c) = -784*c + 342612. Calculate y(437).
4
Let a(h) = -2*h**3 + 358*h**2 + 1433*h + 5582. Calculate a(183).
-91
Let k(m) = -11*m**2 + 105*m + 1934. Determine k(19).
-42
Let l(o) = -42*o**2 + 289*o - 76. What is l(7)?
-111
Let n(r) = -172*r - 22777. Give n(-135).
443
Let w(f) = 919*f**2 - 41355*f - 10. Give w(45).
-10
Let q(h) = -21*h**2 - 7628*h - 1835. Determine q(-363).
-20
Let x(u) = 66209*u + 662114. Determine x(-10).
24
Let o(h) = -36*h**2 + 2555*h - 15169. Determine o(6).
-1135
Let b(d) = -6*d**2 - 164*d - 2457. What is b(-36)?
-4329
Let k(h) = -7561*h - 3674688. Determine k(-486).
-42
Let x(q) = -774*q - 21120. What is x(-28)?
552
Let p(l) = -4*l**3 + 345*l**2 - 12*l - 35104. Determine p(85).
1
Let z(o) = -153*o + 21241. Give z(139).
-26
Let f(b) = 6499*b - 448500. Give f(69).
-69
Let x(t) = t**3 + 21*t**2 - 459*t + 613. What is x(11)?
-564
Let m(v) = 18575*v + 37211. Give m(-2).
61
Let n(x) = 3*x**3 + 4*x**2 + 28*x - 88. Give n(4).
280
Let p(o) = 8*o**3 + 2682*o**2 - 2014*o + 624. Calculate p(-336).
-48
Let t(w) = 432*w**2 + 2722*w + 2800. Determine t(-5).
-10
Let m(o) = -183*o + 21043. Determine m(120).
-917
Let o(g) = 30*g**2 + 522*g + 1053. Give o(-15).
-27
Let g(z) = -196165*z + 196172. What is g(1)?
7
Let u(f) = 5*f**2 - 1347*f - 3971. Calculate u(272).
-435
Let b(c) = c**3 - 539*c**2 + 3358*c - 651626. Determine b(535).
4
Let j(h) = 63*h**2 + 163*h - 504. Determine j(3).
552
Let o(w) = 11240*w + 123682. Determine o(-11).
42
Let a(v) = 5*v**3 + 4*v**2 + 17*v + 20. Give a(-2).
-38
Let h(n) = n**3 + 18*n**2 + 13*n + 105. What is h(-20)?
-955
Let q(s) = -19*s**2 - 7332*s + 179544. Give q(-409).
-7
Let p(y) = -16801*y - 67932. Determine p(-4).
-728
Let c(r) = -3*r**2 + 8996*r + 15. Determine c(0).
15
Let g(r) = -27247*r + 190740. What is g(7)?
11
Let t(h) = -h**3 - 27*h**2 - 193*h - 1061. What is t(-19)?
-282
Let i(o) = 332534*o - 1330054. Determine i(4).
82
Let u(o) = -27*o**2 - 833*o + 2027. Give u(-33).
113
Let k(d) = 13*d**2 + 547*d - 602. Give k(-43).
-86
Let r(l) = l**3 - 31*l**2 + 110*l - 2622. Calculate r(30).
-222
Let b(i) = -8140*i + 8016. What is b(1)?
-124
Let a(w) = 17508*w - 402677. What is a(23)?
7
Let r(a) = 31*a**2 - 36181*a + 36148. Give r(1).
-2
Let m(f) = -6778*f + 1037011. Give m(153).
-23
Let t(z) = 356*z - 23383. Give t(64).
-599
Let d(q) = 4946*q - 366069. Determine d(74).
-65
Let d(y) = -3*y**3 - 92*y**2 + 81*y + 4. Calculate d(0).
4
Let a(o) = -2*o**3 - 172*o**2 - 1520*o - 99448. Determine a(-84).
8
Let a(h) = 2*h**3 + 167*h**2 + 3208*h - 61. What is a(-30)?
-1
Let t(p) = 6*p**2 - 376*p + 4103. Determine t(15).
-187
Let a(o) = -26*o**2 + 5619*o - 515. Give a(216).
133
Let m(o) = 17*o**2 - 452*o + 1789. Give m(4).
253
Let d(z) = -1640*z**2 - 288645*z - 877. Determine d(-176).
3
Let v(j) = 8*j**2 - 55*j + 90. Determine v(12).
582
Let c(l) = 222263*l - 84459934. Calculate c(380).
6
Let a(c) = -8750*c - 8233721. What is a(-941)?
29
Let h(a) = a**3 - 18*a**2 + a + 527. What is h(7)?
-5
Let z(x) = -10*x**2 - 85*x + 165. Give z(-12).
-255
Let s(m) = 58507*m - 1228646. Give s(21).
1
Let x(t) = 40*t**2 + 6885*t - 34467. Give x(5).
958
Let j(g) = -28004*g - 27769. Determine j(-1).
235
Let w(t) = 303*t - 1675. Give w(7).
446
Let g(t) = -4844*t + 47077. Calculate g(9).
3481
Let g(d) = 29*d**2 + 7515*d + 1047. Calculate g(-259).
11
Let u(i) = 93384*i - 1027220. Give u(11).
4
Let b(p) = -2*p**3 - 52*p**2 + 579*p + 6221. What is b(-32)?
-19
Let s(n) = 654*n**2 + 35975*n + 31. Determine s(-55).
-244
Let p(f) = -16*f + 2412. What is p(146)?
76
Let s(x) = -5271*x - 42162. Calculate s(-8).
6
Let u(i) = -86*i - 8906. Give u(-89).
-1252
Let i(g) = 398*g + 7597. Calculate i(-19).
35
Let j(w) = -14*w**2 + 121*w + 1109. Give j(-8).
-755
Let c(k) = 5*k**3 - 629*k**2 + 1054*k + 7689. What is c(124)?
1
Let q(g) = -98*g - 12829. What is q(-131)?
9
Let w(k) = k**3 - 3*k**2 + 13*k - 117. Determine w(5).
-2
Let p(i) = -15478*i + 13806374. Calculate p(892).
-2
Let i(b) = 4*b**2 - b - 764. Determine i(14).
6
Let z(i) = -59*i - 3652. Give z(-62).
6
Let n(u) = -u**3 + 73*u**2 + 949*u - 81132. Calculate n(70).
-2
Let g(c) = 9*c**3 - 96*c**2 - 825*c - 16. What is g(-8)?
-4168
Let l(c) = 115*c + 662. Calculate l(15).
2387
Let t(m) = 2*m**2 + 1587*m + 54531. Give t(-36).
-9
Let y(n) = 23*n**2 - n - 175. Calculate y(0).
-175
Let s(g) = -1318*g + 193. Calculate s(1).
-1125
Let z(s) = -2*s**3 - 239*s**2 - 1474*s - 567. What is z(-113)?
-2
Let i(t) = -9162*t + 347977. Determine i(38).
-179
Let y(w) = -19*w**3 - 343*w**2 - 2*w + 140. Determine y(-18).
-148
Let z(d) = -33775*d + 9. Determine z(0).
9
Let v(y) = -1430*y + 21460. Give v(15).
10
Let h(p) = 4099*p + 360926. Determine h(-88).
214
Let r(x) = 3*x**2 - 579*x + 2757. Determine r(188).
-63
Let o(t) = -t**2 - 249*t - 8215. Calculate o(-40).
145
Let i(r) = r**3 + 13*r**2 + 240*r + 2882. Calculate i(-12).
146
Let r(w) = -539*w - 4291. Determine r(-10).
109